 4. Let l be j(-3). Suppose i = l*i - 12. Determine b(i).
14
Let c(t) be the second derivative of -t**3/3 - 2*t**2 - 4*t. Suppose 4*s - 8 = 6*s. Calculate c(s).
4
Let c = 122/7 + -725/42. Let f(u) be the second derivative of -10*u + 0 + 0*u**2 - c*u**3. Determine f(2).
-2
Suppose 5*x - 25 = 0, 2*x = 2*k - 9 + 7. Let o(a) = a - 10. Determine o(k).
-4
Let s = -258 - -264. Let t(j) be the third derivative of s*j**2 - 1/120*j**6 + 1/30*j**5 - 1/24*j**4 + 0 + 0*j**3 + 0*j. Calculate t(3).
-12
Let i(u) = 2*u + 173 - 329 + 168. Give i(-7).
-2
Let g(l) = 169*l - 88*l - 8 - 79*l. What is g(5)?
2
Let v(w) = 5*w**3 - 2*w - 1. Suppose -465 = 16*p - 497. Calculate v(p).
35
Let i(q) = 2*q**2 - 9*q - 28. Let j(u) = -u**2 + 4*u + 10. Let c(v) = -4*i(v) - 9*j(v). Give c(0).
22
Let n(a) = -9*a**3 - 2 - 9*a**3 + 31*a**3 - 12*a**3 + 8*a - 9*a**2. Suppose 2*k - 5*v = -0*k - 4, 4*k - v = 28. Give n(k).
-2
Let k(a) = 2*a - 12. Let d = 178 - 175. Give k(d).
-6
Let m(l) be the third derivative of -l**4/6 + l**3/6 + 5*l**2. Let u(r) = -3*r + 1. Let q(y) = -4*m(y) + 5*u(y). Determine q(6).
7
Let v be (-32)/18 + (-2)/9. Let g(z) be the second derivative of -z**4/3 - z**3/3 - z**2 - 22*z + 5. Give g(v).
-14
Let k = -45 + 76. Let r = k - 32. Let o(z) = -10*z + 1. Give o(r).
11
Let v = 16 + -20. Let b be (v/6)/((-14)/(-63)). Let h(s) = 2 + 2 - 5*s**2 - 3*s + 3*s**3 + s**2 - 4*s**3. Determine h(b).
4
Let z(m) be the first derivative of -9*m**2/2 + m + 1. Let t(w) be the second derivative of -w**5/10 + w**3/3 + w**2/2 - 7*w. Let l be t(-1). Determine z(l).
-8
Let f(x) = x - 7. Let i be f(12). Suppose 3 = 2*p + 7*o - 2*o, i*o = 5. Let t(c) = -2*c**2 - 1. Determine t(p).
-3
Let q(d) = -d**2 - 10*d + 28. Suppose -2*y = -2*l - 2*l + 44, 2*y = l - 29. Calculate q(y).
4
Let m(d) = d**3 + 7*d**2 + 8*d + 5. Let o(j) = -j**2 + 17*j + 15. Let p be o(13). Let f = p + -37. Suppose 17*t - 22*t = f. Determine m(t).
-7
Suppose -2*s - 5 = -1, 0 = -5*g + 3*s + 36. Let f(x) = -x**2 + 2*x - 5. Calculate f(g).
-29
Suppose 4*s - 5*w = 0, -5*s + 4*w - 2*w = 0. Suppose t + 3 = s, -4*a + 7 = -2*a + 3*t. Let z(j) = 4*j**2 + 3*j**2 - j - a*j**2. What is z(-3)?
-6
Let w(n) = -10*n**3 + n**2 + n - 1. Let y(p) = -29*p**3 + 4*p**2 + 4*p - 3. Let x(h) = -7*w(h) + 2*y(h). Let o = 1021 - 1022. Determine x(o).
-11
Let q(s) = -s + s**2 - 5*s**2 + 5*s**2 + 4. Calculate q(0).
4
Let r(j) = -8*j - 3. Let g(i) = i**2 - 35*i + 100. Let w be g(32). Give r(w).
-35
Let v(m) = -9*m**2 - 241*m + 54. Let r be v(-27). Let o(f) be the second derivative of r + 3*f - 1/2*f**2 + 1/3*f**3. What is o(3)?
5
Suppose 0 = 2*a + 4*w + 16, -13*a - 3*w - 26 = -15*a. Let h(u) = 2*u + 7. Let b(g) = -4*g - 13. Let q(t) = 6*b(t) + 11*h(t). What is q(a)?
-9
Let v(n) = -n**3 - 28*n**2 - 28*n - 28. Let k be v(-27). Let i(h) = 7*h + 1. Calculate i(k).
-6
Suppose -4*k = -3*p - 23, 6*k - 2*p - 27 = k. Suppose 5*a = -25, 4*z - 50 = 5*a - 9. Let i(g) = -z*g + k*g - 3*g + 3*g + 1. Calculate i(0).
1
Let l(n) = n + 3. Suppose -4*h = -0*h + 4*k - 32, -4*h = k - 32. Let t be ((-7)/1 + 20)*1. Suppose -a + h = t. Give l(a).
-2
Let j = 36 - 33. Let s(y) = 0*y**2 - 4 + j + 9*y**2 - 489*y + 488*y. Determine s(-1).
9
Let s be (-8)/12 + (10/6 - -1). Let a(m) = 0 - 4*m**2 + 0 + 3*m**s. Let j(i) = -i. Let b be j(-2). Give a(b).
-4
Let w(b) = 10*b**2. Let i(x) = x**2 - 5*x + 5. Let t be i(4). Suppose 0*g - 4*g + d = -3, 4*d = 2*g + 16. Let r be g/((-1 - 1)/t). Calculate w(r).
10
Let y(m) = m - 14. Let f(b) = -b**3 + 22*b**2 - 57*b + 6. Let z be f(19). Give y(z).
-8
Let z = -9 + 16. Let t(b) = z - 3 + b - 1 - 1. Let m = -17 + 15. Determine t(m).
0
Suppose -3*g + 4*g + 7 = -2*r, 2*g = -2*r - 10. Let y(b) = b**2 + 4*b - 1. Let f(m) = 2*m**2 + 5*m - 3. Let t(l) = 2*f(l) - 3*y(l). Calculate t(g).
12
Let k be 4 + 9/(36/8). Let u(o) be the second derivative of o**3/6 - 7*o**2/2 + 17*o. What is u(k)?
-1
Let j(r) be the first derivative of -r**2 + 1. Suppose -307 = -3*c - 76. Suppose -c = -10*n - 27. What is j(n)?
-10
Suppose 0 = -2*g + 5*o + 18 + 13, g + 5*o = -22. Suppose 4*w = g*u + 4, u + 3*u + 5*w = 5. Let v(p) = p**2 + 1. What is v(u)?
1
Let p(l) = 0 - l**2 + 5 - 7 + 0*l - 6*l. Calculate p(-6).
-2
Let u(h) = -h**2 + 8*h + 4. Let l be u(8). Let m be (-24)/(-2)*2/l. Let g(s) = -7*s + 2*s - 6 + 0 + 8*s. Determine g(m).
12
Let i(g) = 5*g - g**2 - 31 - 31 + 56 + 5*g. Determine i(10).
-6
Let c(f) = -9*f**3 - 2*f**2 + 1. Let m be 6/4 - 9/(-6). Suppose 12 - 3 = m*z. Let t be 2 + -5 + z + -1. Determine c(t).
8
Suppose 5*l = -4*m + 13 + 10, m - 8 = -2*l. Let g(j) = m*j**2 + 0 + 3*j - 6*j + 1. Let h(v) = -v**3 + 3*v**2 + 9*v + 56. Let q be h(6). Give g(q).
3
Let u(c) be the second derivative of -c**3/3 + 4*c**2 + 2*c. Suppose 7 = 6*h - 47. Calculate u(h).
-10
Suppose -4*t = -16, 0*l - 3*t = -2*l - 6. Suppose x = w - l*w + 8, 0 = -4*w + 8. Let b(p) = -p - x*p + 8*p + 2*p + 1. Give b(2).
11
Let w(f) = f**3 - 5*f**2 + f - 2. Let n(a) = a**3 - 5*a**2 + a - 2. Let x(l) = -3*n(l) + 2*w(l). What is x(5)?
-3
Let k(h) = -h**2 + 3*h + 4. Let c be 27/(-12)*(-16)/(-6). Let d be 6/(-12)*c*1. Let j(m) = 3*m**2 - 8*m - 12. Let l(w) = d*j(w) + 8*k(w). What is l(0)?
-4
Let d(y) be the second derivative of -9*y + 3/2*y**2 + 0 + 1/20*y**5 + 1/2*y**3 - 5/12*y**4. What is d(4)?
-1
Let b(y) = -y**3 + 11*y**2 + 13*y - 15. Let i(a) = 26*a - 66. Let d be i(3). Calculate b(d).
-3
Let u(y) = -2*y**2 - 7*y + 2. Let w(t) = t**2 - 3*t - 13. Let x be w(7). Let v = 10 - x. Calculate u(v).
-13
Let l = -19 - -21. Suppose 5*c + 2*x - 4 = c, -2*c - l*x + 2 = 0. Let u(f) = 7*f**2 - 2*f + 1. Determine u(c).
6
Let w(k) = 86*k**3 - 1 + 97*k**3 - 2*k**2 - 182*k**3 - k. Let v = 7 + -5. Give w(v).
-3
Let v(f) be the first derivative of 3*f**2 - 12*f - 5. Give v(2).
0
Suppose 12 = -3*a + 42. Let o = 14 - a. Suppose 3 = -2*r - r, 3*m + o*r - 5 = 0. Let q(v) = -4*v + 4. What is q(m)?
-8
Let r(y) = y + 6. Let x be r(-4). Let u = -330 - -420. Let s(o) = o + o**3 - 2*o + 104 - u - x*o**3. Give s(0).
14
Let q(j) = -j**2 - 4*j + 8. Suppose 4*t - 2*p = 10, -3*t + 5 + 0 = -p. Let o be (-8)/12 + 11/3. Suppose t = -3*x - 21 + o. Calculate q(x).
-4
Let n(a) = -11*a**3 - 56*a**2 - 47*a - 33. Let f(z) = 5*z**3 + 27*z**2 + 23*z + 16. Let h(t) = 9*f(t) + 4*n(t). Give h(-18).
-6
Let u(y) = -3 - 2*y**2 + 2 + y**3 - 3 + 8*y**2 + 5*y. Let b be u(-3). Let k(x) = x - 11. Determine k(b).
-3
Let p(d) be the second derivative of -7/2*d**2 + 1/12*d**4 - 7/6*d**3 + 5*d + 0. Let s = 1 + 6. Determine p(s).
-7
Let f(l) be the first derivative of -2*l**3/3 - 7*l**2/2 - 3*l - 29. What is f(-6)?
-33
Let j(o) = -5*o**3 - 2*o - 1. Let g = 31 - 29. Suppose 0 = -a + 4*d + 3, 3*d = -3*a - g*a - 8. What is j(a)?
6
Let g(t) = t**2 + 5*t + 5. Suppose 3*x = -3*v, 8 = 3*v + v. Let u be (1 - 3/(-2))/(x/4). Give g(u).
5
Let m(u) = -897 + u**2 - 11*u + 897. What is m(10)?
-10
Let t(l) be the third derivative of l**4/24 + l**3/2 - 3*l**2. Let p = 40 + -20. Suppose 2*g = g, -5*b - p = -g. Calculate t(b).
-1
Suppose -5*l - 39 = -8*l. Let k be l + (-3 - -3) + 0. Suppose -4*u - k = -5. Let d(g) = -3*g + 1. Determine d(u).
7
Let c(r) = 2*r**3 - 2*r**2 + 2*r + 10. Let y = 92 + -89. Let p(t) = t**3 - 3*t**2 + 3*t + 8. Let b(l) = y*p(l) - 2*c(l). Determine b(-5).
-21
Let g = -7 - -9. Let w(x) = 16*x**2 + 3*x - 2*x + 3*x - 17*x**g - 4. What is w(4)?
-4
Let u(m) = -m. Let g(w) = 10*w - 1. Let y(q) = g(q) + 3*u(q). Let f(a) = -7*a - 13. Let n be f(-2). Suppose 9*h - n = 8*h. Determine y(h).
6
Let q(y) be the second derivative of -y**3/6 + 2*y**2 - 44*y. Let f = 13 + -8. Give q(f).
-1
Let x(l) = -l - 1. Let v(m) = 7*m - 2. Let u(p) = -v(p) - 2*x(p). Determine u(5).
-21
Let j(p) = 0*p - 5*p + 7*p**2 - p**2 - p**3 + 5. Let d(x) = x**2 + 3*x - 4. Let f be d(-4). Let n be 2/(-4) - (f + (-22)/4). Determine j(n).
5
Let w(d) = -d + 12*d + 4*d - 14*d - 1. Suppose 10*x - 15 = 15*x. Calculate w(x).
-4
Let y = -785 + 773. Let f(t) = t**2 + 14*t + 13. Calculate f(y).
-11
Let g(j) be the third derivative of -1/12*j**4 + 2/15*j**5 + 0*j - 1/6*j**3 + 18*j**2 + 0. Calculate g(-1).
9
Let k(v) = -2 + 16*v + 20*v + 14*v - 39*v. What is k(-2)?
-24
Suppose -5*m + 3266 = 3206. Let i(q) = q**2 - 13*q + 6. Give i(m).
-6
Let g(d) be the second derivative of -d**4/12 - 3*d**3/2 + 6*d**2 + 107*d. D